tors of 28205.
5, 5641
What are the prime factors of 99488?
2, 3109
List the prime factors of 41277.
3, 13759
What are the prime factors of 382?
2, 191
List the prime factors of 103025.
5, 13, 317
List the prime factors of 3716.
2, 929
What are the prime factors of 738?
2, 3, 41
List the prime factors of 144250.
2, 5, 577
List the prime factors of 1046.
2, 523
What are the prime factors of 1935?
3, 5, 43
What are the prime factors of 674?
2, 337
What are the prime factors of 17777?
29, 613
List the prime factors of 14377.
11, 1307
What are the prime factors of 103?
103
List the prime factors of 72875.
5, 11, 53
What are the prime factors of 1119?
3, 373
What are the prime factors of 822?
2, 3, 137
What are the prime factors of 31534?
2, 15767
What are the prime factors of 6773?
13, 521
What are the prime factors of 6313?
59, 107
What are the prime factors of 36919?
36919
List the prime factors of 10394.
2, 5197
List the prime factors of 1285.
5, 257
List the prime factors of 18460.
2, 5, 13, 71
What are the prime factors of 34135?
5, 6827
What are the prime factors of 219?
3, 73
List the prime factors of 12590.
2, 5, 1259
What are the prime factors of 6154?
2, 17, 181
What are the prime factors of 12618?
2, 3, 701
List the prime factors of 43900.
2, 5, 439
List the prime factors of 18203.
109, 167
List the prime factors of 11933.
11933
What are the prime factors of 12950?
2, 5, 7, 37
List the prime factors of 204.
2, 3, 17
List the prime factors of 84620.
2, 5, 4231
What are the prime factors of 2477?
2477
List the prime factors of 12188.
2, 11, 277
List the prime factors of 120091.
120091
List the prime factors of 40102.
2, 20051
What are the prime factors of 6911?
6911
List the prime factors of 6683.
41, 163
List the prime factors of 48712.
2, 6089
What are the prime factors of 8403?
3, 2801
List the prime factors of 13367.
13367
What are the prime factors of 93209?
83, 1123
List the prime factors of 12738.
2, 3, 11, 193
List the prime factors of 1817.
23, 79
List the prime factors of 81490.
2, 5, 29, 281
List the prime factors of 31053.
3, 11, 941
What are the prime factors of 27537?
3, 67, 137
List the prime factors of 786.
2, 3, 131
What are the prime factors of 1208?
2, 151
List the prime factors of 803.
11, 73
List the prime factors of 130.
2, 5, 13
What are the prime factors of 1802?
2, 17, 53
List the prime factors of 1544.
2, 193
List the prime factors of 3396.
2, 3, 283
List the prime factors of 64196.
2, 11, 1459
List the prime factors of 39984.
2, 3, 7, 17
What are the prime factors of 7705?
5, 23, 67
List the prime factors of 1392.
2, 3, 29
What are the prime factors of 15206?
2, 7603
What are the prime factors of 690?
2, 3, 5, 23
What are the prime factors of 5942?
2, 2971
What are the prime factors of 813?
3, 271
List the prime factors of 11159.
11159
What are the prime factors of 46492?
2, 59, 197
What are the prime factors of 49378?
2, 7, 3527
What are the prime factors of 71461?
13, 23, 239
List the prime factors of 2189.
11, 199
What are the prime factors of 50798?
2, 11, 2309
List the prime factors of 16311.
3, 5437
What are the prime factors of 2278?
2, 17, 67
What are the prime factors of 2039?
2039
List the prime factors of 3419.
13, 263
What are the prime factors of 38119?
38119
List the prime factors of 75256.
2, 23, 409
List the prime factors of 6766.
2, 17, 199
List the prime factors of 273.
3, 7, 13
List the prime factors of 2152.
2, 269
What are the prime factors of 11673?
3, 1297
What are the prime factors of 270?
2, 3, 5
List the prime factors of 20147.
20147
List the prime factors of 14194.
2, 47, 151
What are the prime factors of 24462?
2, 3, 151
What are the prime factors of 1356?
2, 3, 113
List the prime factors of 72098.
2, 13, 47, 59
List the prime factors of 26672.
2, 1667
What are the prime factors of 1991?
11, 181
What are the prime factors of 8891?
17, 523
What are the prime factors of 863?
863
What are the prime factors of 37725?
3, 5, 503
What are the prime factors of 37602?
2, 3, 2089
List the prime factors of 21235.
5, 31, 137
What are the prime factors of 2911?
41, 71
List the prime factors of 3738.
2, 3, 7, 89
List the prime factors of 36361.
13, 2797
What are the prime factors of 4953?
3, 13, 127
List the prime factors of 336.
2, 3, 7
What are the prime factors of 780?
2, 3, 5, 13
What are the prime factors of 5493?
3, 1831
List the prime factors of 2472.
2, 3, 103
List the prime factors of 6899.
6899
What are the prime factors of 149995?
5, 131, 229
What are the prime factors of 658?
2, 7, 47
List the prime factors of 9363.
3, 3121
What are the prime factors of 1572?
2, 3, 131
List the prime factors of 164742.
2, 3, 27457
List the prime factors of 8226.
2, 3, 457
What are the prime factors of 4482?
2, 3, 83
List the prime factors of 80687.
80687
List the prime factors of 17876.
2, 41, 109
What are the prime factors of 82?
2, 41
What are the prime factors of 78032?
2, 4877
List the prime factors of 160992.
2, 3, 13, 43
What are the prime factors of 2706?
2, 3, 11, 41
List the prime factors of 1464.
2, 3, 61
What are the prime factors of 2083?
2083
What are the prime factors of 1068?
2, 3, 89
What are the prime factors of 1623?
3, 541
What are the prime factors of 58765?
5, 7, 23, 73
What are the prime factors of 5934?
2, 3, 23, 43
What are the prime factors of 7575?
3, 5, 101
What are the prime factors of 2450?
2, 5, 7
List the prime factors of 15.
3, 5
List the prime factors of 5349.
3, 1783
List the prime factors of 1146.
2, 3, 191
What are the prime factors of 36149?
37, 977
What are the prime factors of 17782?
2, 17, 523
What are the prime factors of 46406?
2, 23203
List the prime factors of 80667.
3, 8963
List the prime factors of 894.
2, 3, 149
List the prime factors of 15470.
2, 5, 7, 13, 17
List the prime factors of 41300.
2, 5, 7, 59
What are the prime factors of 451?
11, 41
What are the prime factors of 9069?
3, 3023
What are the prime factors of 20075?
5, 11, 73
List the prime factors of 25679.
25679
List the prime factors of 13013.
7, 11, 13
What are the prime factors of 5194?
2, 7, 53
List the prime factors of 91831.
131, 701
What are the prime factors of 641?
641
What are the prime factors of 9897?
3, 3299
What are the prime factors of 976?
2, 61
List the prime factors of 22207.
53, 419
List the prime factors of 4873.
11, 443
What are the prime factors of 1645?
5, 7, 47
What are the prime factors of 1747?
1747
List the prime factors of 2957.
2957
List the prime factors of 49845.
3, 5, 3323
List the prime factors of 356.
2, 89
List the prime factors of 995.
5, 199
List the prime factors of 4937.
4937
What are the prime factors of 33168?
2, 3, 691
List the prime factors of 121538.
2, 67, 907
List the prime factors of 4809.
3, 7, 229
List the prime factors of 2894.
2, 1447
List the prime factors of 69527.
251, 277
List the prime factors of 365.
5, 73
List the prime factors of 23559.
3, 7853
What are the prime factors of 90003?
3, 19, 1579
List the prime factors of 116959.
116959
List the prime factors of 949.
13, 73
List the prime factors of 13283.
37, 359
What are the prime factors of 4295?
5, 859
What are the prime factors of 51?
3, 17
What are the prime factors of 2077?
31, 67
What are the prime factors of 6682?
2, 13, 257
What are the prime factors of 3289?
11, 13, 23
What are the prime factors of 3444?
2, 3, 7, 41
What are the prime factors of 549?
3, 61
What are the prime factors of 1454?
2, 727
List the prime factors of 2822.
2, 17, 83
What are the prime factors of 1481?
1481
What are the prime factors of 117204?
2, 3, 9767
What are the prime factors of 718?
2, 359
What are the prime factors of 10487?
10487
What are the prime factors of 1131?
3, 13, 29
List the prime factors of 13551.
3, 4517
What are the prime factors of 9018?
2, 3, 167
What are the prime factors of 1519?
7, 31
What are the prime factors of 964?
2, 241
What are the prime factors of 1843?
19, 97
List the prime factors of 5398.
2, 2699
What are the prime factors of 403?
13, 31
List the prime factors of 161146.
2, 197, 409
What are the prime factors of 4176?
2, 3, 29
What are the prime factors of 30257?
79, 383
List the prime factors of 160912.
2, 89, 113
List the prime factors of 729.
3
List the prime facto